-10) + 36/27*(-6)/(-20)?
30
Suppose 0 = -136*d + 141*d + 5*q - 4600, 0 = 4*d - 3*q - 3645. Let g = d - 845. Calculate the remainder when 179 is divided by g.
39
Let k(f) = f**2 - f + 1. Let a(d) = 4. Let m(g) = g + 7. Let s(q) = 4*a(q) - 3*m(q). Calculate the remainder when k(-6) is divided by s(-10).
18
Suppose 2*q = -12*q + 854. Suppose -q = 4*y - 317. Calculate the remainder when 254 is divided by y.
62
Suppose -3*n = 6, -2*n = 3*v + 2*v + 39. Let u = 9 + v. Let t = 58 + -29. What is the remainder when t is divided by u?
1
What is the remainder when 323 is divided by (1 - 8/2)/(414/(-3312))?
11
Suppose -132*g + 3180 = 2*a - 134*g, 3 = g. What is the remainder when 4791 is divided by a?
12
Let o(m) = 5*m**2 + 2*m + 10. Let t be o(-4). Let l = -79 + t. Suppose 4*p = l*p + 25. Calculate the remainder when 96 is divided by p.
21
Let s(q) = q**3 + 66*q**2 + 577*q + 76. Calculate the remainder when s(-11) is divided by 103.
75
Let r(d) = 13*d + 2. Calculate the remainder when ((-12)/(-9))/(6/1395) is divided by r(6).
70
Suppose -5*x - 2*h + 38 = 0, 0*x - 3*h = 5*x - 37. Let p = -696396 + 696409. What is the remainder when -74*-2*2/x is divided by p?
11
Let l = -6747 + 6756. What is the remainder when 2/6 + (-298)/(-6) is divided by l?
5
Suppose -35 = 85*l - 90*l. Suppose 0*c = l*c - 749. Calculate the remainder when 318 is divided by c.
104
Calculate the remainder when (24/(-81))/((-70)/8295) + 1/(-9) is divided by ((-15)/(-5))/((-2)/(-12)).
17
What is the remainder when 22/(-385) + (-559521)/(-805) is divided by 90?
65
Let h(a) = 44*a**2 + 6*a - 11. Let t be h(2). Suppose -3*b + 45 - t = -2*u, -5*u + b = -343. Calculate the remainder when 201 is divided by u.
63
Let g = -1172 + 1253. What is the remainder when 566 is divided by g?
80
Let g = 112 + -126. Suppose 3*c + 172 = 5*s + 5, 74 = 2*s - 3*c. What is the remainder when s is divided by 114/14 + 2/g?
7
Let q be -5964 - (5 - (-4)/(-1))*3. Calculate the remainder when 2/8 + (-7 - q/36) is divided by 16.
15
Let u = -2708 + 2728. What is the remainder when 778 is divided by u?
18
Suppose 581 - 150 + 328 = 69*i. What is the remainder when 62 is divided by i?
7
Calculate the remainder when 3596 is divided by 7/14*-15*-6*4.
176
Let h = 137 - 67. Suppose -3*o = 2*o + 2*u - h, -2*o = -3*u - 47. What is the remainder when 43 is divided by o?
11
Let u = -4974 - -4982. Suppose 2636 = 3*f - 136. Suppose -u*h = 6*h - f. Calculate the remainder when h is divided by 14.
10
Let d(o) = o**2 - 4*o + 5. Let u be d(6). Let p = 9 + u. Calculate the remainder when -8 + 2 + 660/12 is divided by p.
23
Suppose -f = -4*f + 678. Suppose -1824 = 71*u - 119*u. What is the remainder when f is divided by u?
36
Suppose -19*d + 112184 = -11*d. Calculate the remainder when d is divided by 85.
83
Let q be -338*(6/(-27) - (-5)/(-18)). Suppose 133*o + q = 134*o. What is the remainder when o is divided by 57?
55
Suppose -5*k - 21 - 79 = 0. Let c be (k/8 + 2)*10. Let x(i) = i**3 + 8*i**2 + 8*i - 2. Calculate the remainder when 130 is divided by x(c).
31
Let d(z) = z**2 + 2*z + 54. Let f be d(0). Suppose -12 = q + 3*q, -f = -4*s - 2*q. Calculate the remainder when s is divided by 8.
7
Let a(b) = 4*b**2 + 9*b - 7. Let m(t) = 6*t - 95. Let u be m(15). Calculate the remainder when a(u) is divided by 25.
23
Let g(m) = 332*m**2 + 302*m**2 + 20*m - 3 - 609*m**2. Calculate the remainder when g(-2) is divided by 20.
17
Let g(n) = 17*n - 235 + 8*n + 233. Suppose v + 15 - 16 = 0. Calculate the remainder when g(v) is divided by 13.
10
Suppose -17*s = 291*s - 442904. What is the remainder when s is divided by 32?
30
Suppose 0 = -6*d + 3*d - 5*p + 23, -57 = -5*d + p. Let y be (4 - 10 - -10) + (2 - d). What is the remainder when 17 is divided by (-175)/(-14) - y/10?
4
What is the remainder when 27*24/108 - (-214 + 2) is divided by 106?
6
Suppose 1350 = 4*m + 2*l, 998 = 2*m - l + 317. Calculate the remainder when m is divided by 104.
27
What is the remainder when 1266 is divided by (-4)/(-6)*29370/220?
20
Let r(f) = -f**3 + 2*f**2 + 12*f - 14. Let n(t) = 9*t**2 - t - 7. What is the remainder when n(-2) is divided by r(4)?
1
Let g be 1505/35 + 8/1. Suppose -g*u = -56*u + 15. What is the remainder when 6 is divided by u?
0
Suppose 2962*b - 1540 = 2948*b. What is the remainder when b is divided by 16?
14
Let p = 436 + -257. Let g = 206 - p. What is the remainder when 186 is divided by g?
24
Suppose 0 = -5*u + 5*r + 45, -3*u + 6*u + 5*r - 11 = 0. Suppose 2*p = -5*t + 59, 3*p = 8*t - u*t + 46. What is the remainder when 235 is divided by p?
14
Let r(g) = -g**2 + 112*g + 397. Calculate the remainder when r(104) is divided by 23.
10
Let i be (-1057)/21 + 3/9. What is the remainder when 47 is divided by i*-3*5/30?
22
Let y be 1 + (-1 + -4 - 2). Suppose 78*k - 101*k = -1104. Calculate the remainder when 183/2 - y/4 is divided by k.
45
Let f = -70 - -77. Let v(m) = 1 + 0*m - f*m + m**2 + 4*m. What is the remainder when 94 is divided by v(6)?
18
Suppose -50 + 77 = f. Let t(p) = -88*p**3 - p**2 + 2. What is the remainder when t(-1) is divided by f?
8
Suppose -20 = -5*g + g, 288 = -4*f - 4*g. Let x = f + 38. Let d = -14 - x. Calculate the remainder when 99 is divided by d.
24
Suppose -6*i + 120 = -2*i. What is the remainder when 60 + 7 + ((-45)/(-90))/((-1)/20) is divided by i?
27
Let o(c) = 23*c**3 + 11*c**2 - 9*c + 2. What is the remainder when 485 is divided by o(1)?
26
Let k(r) = 14*r - 19697 + 19740 + 17*r. Calculate the remainder when 601 is divided by k(0).
42
Suppose -3220 = -4*w - 4*u, 3*w + 1146 = 5*u + 3537. Suppose -5*s + w = -4*x, 27*s = 29*s + x - 313. What is the remainder when s is divided by 16?
14
Suppose 0 = 130*u - 44060 + 16110. What is the remainder when 684 is divided by u?
39
Suppose 4*b + 5*f = 212, -4*b - 4*f = b - 274. What is the remainder when 521 is divided by b?
57
Let m = 184 - 227. Calculate the remainder when -5 + (-7)/(-1) - m is divided by 25.
20
Let k(v) = 66*v - 2*v**3 - 23 + 27*v**2 - 58*v - 33*v**2. Calculate the remainder when k(-6) is divided by 52.
41
Suppose 0 = 3*l - 0*l - 39*l + 9216. What is the remainder when 1532 is divided by l?
252
Let v(g) = 4*g**2 - 6*g - 1. Let c be (-9)/((-189)/(-14))*12. Calculate the remainder when v(c) is divided by 9.
6
Suppose -8*l = 379 + 997. Let i = -145 - l. Calculate the remainder when 102 is divided by i.
21
Suppose 342 = 5*k - 2*k. Let u(d) = -4*d + 35. Let f(t) = -5*t + 36. Let l(c) = -2*f(c) + 3*u(c). What is the remainder when k is divided by l(10)?
10
Let c be 3/(4/(-8)*3)*-1. Let v be 32/(c + 21/(-9) + 1). Suppose 6*w = w - t + 76, 3*w = -3*t + v. Calculate the remainder when 89 is divided by w.
14
Let i = 41667 - 41662. Let q = 1 + -3. Let x = 0 - q. Calculate the remainder when i is divided by x.
1
Let m(a) = -a**2 + 29*a + 5. Let i be (-260)/16*(-24)/15. What is the remainder when m(i) is divided by 5?
3
Suppose -12*u - n + 79 = -10*u, -n = -3*u + 131. Calculate the remainder when 1931 is divided by u.
41
Suppose 10479 = -17*j + 12553. Calculate the remainder when 142 is divided by j.
20
Suppose -4*r = 3*x - 6*r - 558, 930 = 5*x - r. Suppose -12*z + x = -9*z. What is the remainder when z is divided by (0 + 2)/(4/26)?
10
Let h(i) = -i + 1. Let z(t) = -8*t - 45. Let p(c) = h(c) + z(c). Suppose -8*k = 14 + 50. Calculate the remainder when 82 is divided by p(k).
26
Calculate the remainder when 1128 is divided by 317 + 63 + (3 - 12) + 0.
15
Let a = -28 + 49. What is the remainder when (497/(-2))/(707/(-404)) is divided by a?
16
Let n = 34004 - 33959. Suppose -4*h + 5*h - 12 = 0. Calculate the remainder when n is divided by h.
9
Suppose 156*b + 1952 = 158*b + 162. What is the remainder when b is divided by 445?
5
Let z(u) = -35*u + 355. Let h be z(10). Let t = 5 + -3. Suppose h = v, -t*v = -2*n + v + 15. Calculate the remainder when n is divided by 10.
5
What is the remainder when (-2046)/(-5)*(-8)/((-384)/120) is divided by 18?
15
Suppose -7*o - t + 491 = 0, -o + t + 34 + 35 = 0. What is the remainder when ((-278)/4)/((-3)/6) is divided by o?
69
Suppose 0 = 3*z - 2*j - 478, 3*j - 5*j = 4*z - 614. Let o = 170 - z. Calculate the remainder when 95 is divided by o.
11
Let u be (5 - 6)/((-3 + 2)*1). Calculate the remainder when 4 + (152 - u) + -5 is divided by 26.
20
Let f b